*c = -4*b + 776 + 436. What is the highest common divisor of 25 and c?
25
Suppose -14*n + 218 = -720. Let t = 78 - n. What is the greatest common factor of t and 77?
11
Let j = -23 + 38. Suppose 8 = 3*b - b. Suppose 4*x - 265 = 5*l, 2*l + 250 = b*x - 0*l. Calculate the highest common factor of j and x.
15
Let s(f) = -3*f**3 + f**2 + 5*f + 474. Let z be s(0). What is the highest common divisor of 6 and z?
6
Suppose 16*t - 32*t + 128 = 0. Calculate the highest common divisor of t and 56.
8
Let z(a) = a + 15. Let h be z(-10). Suppose -h*q + 146 = 2*w, 155 = q + 4*q + 5*w. Calculate the greatest common divisor of 14 and q.
14
Let d(q) = -5*q - 62. Let f be d(-18). Let k be (1*(-48)/f)/((-4)/28). Calculate the highest common divisor of k and 24.
12
Let x be ((-18)/4)/((-222)/3848). Calculate the highest common divisor of 39 and x.
39
Suppose -72*q + 67*q + 1200 = 0. Calculate the greatest common factor of q and 10.
10
Let f = -7 + 17. Suppose -8*q + 7*q + 26 = 0. Suppose -q*n = -22*n - 440. What is the highest common factor of f and n?
10
Let b = -46 - -52. What is the greatest common divisor of b and 168?
6
Let a(h) = 12 - 7 - 3*h - 3 + h**2. Let p be a(-2). Calculate the greatest common factor of p and 84.
12
Suppose -3*w + 4*u + 239 = 93, 2*u + 46 = w. Calculate the highest common factor of 162 and w.
54
Let w(t) = 2 - 11 + 3 + 58*t. Let x be w(2). Let k(l) = l**3 + 9*l**2 + 11. Let h be k(-9). What is the highest common divisor of x and h?
11
Let j be 36735/93 + 10/4*-2. Calculate the greatest common factor of 30 and j.
30
Suppose 4*q - 9 = -2*u + 3*q, q + 5 = 0. Suppose u*b - 2*b = 630. What is the highest common divisor of b and 36?
18
Let o be (-5)/4*(6 + -10). Suppose s - 8 = o*s. Let m be (32/(-10))/(s/10). What is the greatest common divisor of 128 and m?
16
Let r be (-1)/(-1 + 0) - 11. Let f = 9 + r. Let s be (3/3)/f*-9. Calculate the highest common factor of 54 and s.
9
Let d(f) = f + 26. Let q be d(-19). Suppose 0 = -q*i + 6*i + 8. What is the highest common divisor of i and 8?
8
Let n be 0/12 - -74*1/(-2). Let b = 115 + n. What is the highest common divisor of 52 and b?
26
Let s = -276 + 375. Let c(x) = x**3 + 10*x**2 + 9*x + 9. Let t be c(-9). Calculate the greatest common divisor of t and s.
9
Suppose 2*n = -4*d + 152 + 2, 237 = 3*n + 4*d. Let w = -81 + n. What is the greatest common factor of 3 and w?
1
Let g be (-2)/(-13) + 924/78. Calculate the greatest common divisor of 204 and g.
12
Let b(p) = 18*p + 23. Let w be b(-4). Let l = 51 - w. What is the greatest common divisor of 25 and l?
25
Suppose 2*a - 8*a + 186 = 0. Suppose 28 = 2*k + 5*t, -3*k + a = -2*t + 4*t. Calculate the highest common factor of k and 72.
9
Let s = -854 + 979. What is the greatest common factor of s and 40?
5
Suppose u + 0*t - 34 = 5*t, 5*u + 4*t - 54 = 0. What is the highest common factor of u and 3?
1
Suppose -3*h + 6*h = 5*t, h = 0. Suppose t = -3*w + 4 + 38. Let c = -8 + w. Calculate the greatest common divisor of 3 and c.
3
Let a = -653 + 758. Calculate the greatest common factor of 1680 and a.
105
Let r be (4 - 7)*(1 - -1). Let i = -6 + r. Let o be 18/i*38/(-3). What is the greatest common divisor of o and 133?
19
Let q(d) be the second derivative of d**3/3 - 15*d**2/2 - d. Let v be q(15). Calculate the highest common factor of 135 and v.
15
Suppose -5*n - 301 = 2*n. Let j = -30 - n. Calculate the highest common divisor of 26 and j.
13
Let o be (-12)/(-6 + (-252)/(-48)). Calculate the greatest common divisor of 272 and o.
16
Let j = 104 + -104. Suppose j = 3*h + 4*z - 16, -3 = -h + 3*z + 11. Calculate the highest common divisor of 24 and h.
8
Let p = -275 - -520. Let z(u) = 7*u**2 - 36*u - 1. Let l be z(6). Calculate the greatest common divisor of l and p.
35
Suppose -3*b - 12 = -102. Let c(z) = -33*z**3 + 2*z**2 + 2*z + 2. Let r be c(-2). What is the greatest common divisor of r and b?
30
Let f be 4 + (-9)/((-36)/92). What is the greatest common divisor of 459 and f?
27
Let h = 583 - -301. Calculate the highest common factor of h and 204.
68
Let r = -162 - -232. Let g(q) = 15*q**2 - 1. Let l be g(-1). Calculate the greatest common divisor of l and r.
14
Let p be (7 + 329/(-14))*(-16)/6. What is the highest common divisor of 143 and p?
11
Let o be ((-18)/9)/(2/(-8)). Calculate the greatest common divisor of 28 and o.
4
Let g = 145 - 105. Let b(t) = -20*t**3 + t**2 - 1. Let x be b(-1). What is the greatest common divisor of g and x?
20
Let d be (1*6/(-15))/((-13)/3900). Let y(x) = 23*x + 1. Let k be y(1). What is the highest common factor of k and d?
24
Let v(d) = -d**3 - d**2 + 6*d + 1. Let i be v(-3). Suppose -g = -0*g - i. Calculate the highest common divisor of g and 10.
1
Let w be (-1)/(-3 + (-40)/(-14))*2. Calculate the highest common divisor of 98 and w.
14
Let w be -1*(16/4 - 1) - -7. Suppose 32 = w*l + 4*s, 0*s = -l + 5*s + 14. What is the greatest common divisor of l and 117?
9
Suppose 0*g = -6*g + 426. Let y = g + -35. Let c(m) = m**3 - 5*m**2 - 5*m - 9. Let b be c(7). Calculate the highest common divisor of b and y.
18
Suppose 2*v - 112 + 21 = 5*x, -v + 41 = -x. What is the highest common divisor of v and 589?
19
Let j be 8 - 3 - (1 - 0). Let n be (-3)/((-3)/(-4))*(-347 - -346). What is the greatest common divisor of j and n?
4
Suppose 3*h - 5*d - 12 = 0, -3*d - 7 = -5*h + d. Let b be (47/7 - 7)/(h/21). What is the highest common divisor of 9 and b?
3
Let c be -1*(1 - -6 - 109). Calculate the greatest common factor of 272 and c.
34
Let k be (-5 - -8)/(-7 + 8). Calculate the greatest common divisor of k and 11.
1
Suppose 14*n = 1108 + 2140. Calculate the greatest common divisor of n and 8.
8
Let h(t) = -t**2 - 8*t + 13. Let f be h(-10). Let l = 57 + f. Calculate the highest common factor of 20 and l.
10
Let x = -35 - -31. Let a be (8/(-12))/(x/102). Calculate the greatest common divisor of 17 and a.
17
Suppose 2*v = -2*v. Suppose 4*r + 4*a + 190 = 794, v = a - 1. What is the highest common factor of r and 30?
30
Let r(a) = 27*a - 20. Let p be r(5). Let v = p + -101. Calculate the greatest common factor of 126 and v.
14
Let s = -44 + 45. Let u be (1/3)/(1*s/150). Let t = 16 + -6. What is the greatest common factor of u and t?
10
Let u(v) = 81*v - 45*v - 38*v - 5. Let f be u(-5). What is the highest common divisor of f and 15?
5
Suppose 0 = 4*j - 20, -5*m - 5*j + 10 = -3*j. Let t be 1 - -25 - m/(-9 + 4). What is the greatest common factor of 13 and t?
13
Let z be ((-27)/12)/(2/8). Let o be z/(-7) - 6/21. Let p = 241 + -240. Calculate the greatest common divisor of p and o.
1
Let l be 2/(1/(-24)*-2). Suppose -i = 3*i - l. What is the highest common factor of i and 42?
6
Suppose -6 = z - 14. Let t be 1 + z + (-9)/9. What is the greatest common divisor of t and 64?
8
Suppose 5*h - 10 = 10. Suppose -f + 3*l = h*l - 25, l = 0. Calculate the greatest common divisor of f and 275.
25
Suppose -4*c + 1193 = 3*p, -1997 = p - 6*p + 2*c. What is the greatest common factor of 21 and p?
21
Suppose 2*q + 0*q - 70 = 0. Let c = 7695 - 7310. What is the highest common divisor of c and q?
35
Suppose -81 = -5*t - 31. Let l be (6/t)/((-6)/(-90)). Let y = 0 - -18. Calculate the highest common factor of l and y.
9
Suppose -10*z = 459 + 141. Let v = 147 + z. Calculate the highest common divisor of v and 58.
29
Suppose -4*s + 436 = -5*b, -4*s = -3*b - 0*b - 444. What is the highest common factor of s and 12?
6
Suppose 11*g - 18*g + 2058 = 0. Calculate the highest common factor of 42 and g.
42
Let i(z) = z - 258. Let n be i(0). Let f = 147 - n. What is the highest common divisor of 45 and f?
45
Let z(x) be the second derivative of -x**3/3 + 10*x**2 + 4*x. Let s be z(7). Calculate the highest common divisor of s and 30.
6
Let d(l) = 69*l**2 + 2*l - 1. Let j be d(1). Suppose j = 3*f - 191. What is the greatest common factor of 58 and f?
29
Let n be ((-3)/12)/((-1)/88*2). Let q(g) = 9*g**2 - 4. Let t be q(-3). What is the highest common factor of t and n?
11
Let u = 310 + -293. What is the highest common divisor of 4 and u?
1
Let o be (-45)/(-10)*(1 + 1). Suppose p + 90 = -4*p. Let b be (35/14)/((-1)/p). Calculate the highest common divisor of o and b.
9
Let x(o) = -o**2 + 9*o - 18. Let d be x(4). Suppose 71 = 4*t + 5*k, 3*k - 25 - 8 = -d*t. What is the highest common